 -7*w + 4*w, 2*w = -5*p + i. Is p composite?
False
Let z be (-15513)/(-21) - 12/(-42). Suppose z = 3*b - 5*u, 4*b + 6*u - 937 = 3*u. Let j = b - 141. Is j a prime number?
True
Let q be (-6)/12*(-5)/((-10)/(-28)). Suppose -q*z + 2478 = -2513. Is z composite?
True
Let n = 23 - 10. Is (4 - n)*382/(-6) a prime number?
False
Let b(p) = -5*p**3 - p**2 + p + 2. Let o be b(-2). Let q(x) = -2*x + 3 + 306*x**2 - 1 - o*x**2 - 3. Is q(-1) a composite number?
False
Let l = 17 - 15. Let b be (68/(-6))/(18/(-1701)). Suppose -l*q = -6*q + f + b, -20 = -4*f. Is q a prime number?
True
Suppose -5 = -n + 3*k, 3*n + 4 = -3*k - 5. Is n*(-1 - -2) - 12*-96 prime?
True
Let g = 10697 + -7326. Is g a prime number?
True
Suppose -4*y + 997 = -0*d - d, -4*d - 4 = 0. Let v = y - 136. Is v prime?
True
Suppose -6 = -25*l + 22*l. Is 4/(-10) - l/(20/(-3374)) prime?
True
Let w be 2/(-4) + 251/(-2). Let d(r) = 10*r**2 + 6*r + 3. Let j be d(-5). Let z = j + w. Is z a composite number?
False
Is (-2 + 0)*(-7 - (-20601)/(-14)) composite?
False
Let c be (0 + (-8)/5)/((-24)/(-60)). Is ((-16)/c + -17)/((-3)/57) prime?
False
Let y(f) = -f**3 - 3*f**2 - 3*f + 7. Let p be y(-5). Let u = p + -137. Let d = -32 - u. Is d prime?
False
Let d = -7184 + 10387. Is d a prime number?
True
Suppose 169 - 2 = t. Suppose 0 = 2*l - t - 375. Is l composite?
False
Let i(q) = 161*q - 7. Let c = -18 + 37. Let a = 25 - c. Is i(a) a composite number?
True
Let p(r) be the first derivative of 761*r**2/2 + 4*r + 17. Is p(3) a composite number?
False
Let i = -11 + 15. Suppose -224 = -i*d + 5*k, 4*k - 22 - 115 = -3*d. Is d composite?
True
Suppose -5*y - 40 = -2*u, 5*u = 4*y + 52 + 14. Suppose u = 2*r + 2. Is (1 - (1 - r)) + 27 a prime number?
True
Let b = -5536 + 32295. Is b a composite number?
False
Suppose -u = 3*u - 6*u. Is 2/6*u + 191 a prime number?
True
Let w(o) = 8*o + 2. Let s = -5 - -7. Let g be w(s). Suppose -2*z + 206 = 5*c, 438 = 4*z - c - g. Is z composite?
False
Suppose -2*i + 5*d - 13 = 0, d = 2*i - 4*i + 17. Let h(v) = 2*v**3 + 6*v**2 - 11*v + 1. Is h(i) prime?
False
Let v = 2709 + -1570. Is v composite?
True
Let z(a) = 43*a**2 - 11*a - 13. Is z(-8) a composite number?
True
Let n be ((-51)/(-15) + -4)*-5. Let l be (-9)/(-12) + n/(-4). Suppose -8 = -2*s - l. Is s composite?
True
Suppose -5*r + 8 = -7. Suppose 2*h = -6*d + d + 12, 0 = r*d - 4*h - 28. Suppose -d*p + 1012 + 616 = 0. Is p a composite number?
True
Suppose -19136 = -2*a - 3*g, -28044 = -3*a + 2*g + 673. Is a composite?
True
Suppose 3*o - 3*z - 2393 = -7*z, 0 = 4*o - 4*z - 3200. Is o prime?
False
Let i be (-18 - -19)*266/2. Suppose -4*v + i = -375. Is v composite?
False
Suppose -763*z - 21993 = -766*z. Is z a prime number?
True
Suppose -4*a + 4*s - 222 = 466, 2*a + 3*s + 359 = 0. Let k = a + 320. Is k a prime number?
False
Suppose 9*u = 18*u - 16299. Is u composite?
False
Is 127481/8 + -4 - 3/24 composite?
True
Let q be 2*(-1)/(-2)*4. Let a = -57 - -30. Is (-138)/q*18/a a prime number?
True
Suppose -2*f + p - 33 = 0, -4*f - 2*p - 31 - 39 = 0. Let j = f - -816. Is j prime?
False
Suppose 0 = -65*r + 70*r - 15, -3*g + 78252 = r. Is g prime?
True
Let o(p) = 79*p - 1. Let u be o(-2). Suppose h = 4*h + 840. Let k = u - h. Is k a composite number?
True
Let w = 2516 + 4005. Is w composite?
False
Let q = 13 + -6. Let i = q + -7. Suppose i*p = -p + 131. Is p prime?
True
Let o(h) = 2*h**3 + 36*h**2 + h - 20. Is o(-15) composite?
True
Let j(f) = 23664*f**2 + 21*f - 22. Is j(1) prime?
True
Let t be (307 - 6)/(1/(-4)). Let u = t - -2277. Is u composite?
True
Let u(s) = s**2 + 2*s - 2. Let a be u(2). Let n be 2674/a + (-1)/(-3). Suppose -298 = -2*p - 3*h, -3*p - 6*h + 2*h + n = 0. Is p prime?
False
Let o(x) = -x + 2. Let q be o(3). Let a(i) = -586*i + 1. Is a(q) composite?
False
Let f(c) be the third derivative of c**5/60 - c**4/24 + 497*c**3/6 - 5*c**2. Is f(0) composite?
True
Let r = 29651 - 20520. Is r a prime number?
False
Let o(h) = 598*h - 9. Suppose 5*q - 4 = 4*g - 2, -g + 8 = 3*q. Is o(g) composite?
False
Let h be (-16)/(-56) + 38/14. Suppose h*m + 202 = 739. Is m a prime number?
True
Suppose 0 = 5*n - 5*d - 14305, -112*d = n - 109*d - 2869. Is n composite?
True
Suppose -3*s - 5934 - 1758 = 0. Is 0 - s/(-4 + 8) composite?
False
Let z(h) = h**3 + 9*h**2 - 9*h + 31. Is z(6) composite?
True
Suppose 3*t - j + 87 = 4*t, 5*j = -3*t + 267. Is ((-7)/(-1)*(-13032)/t)/(-2) prime?
False
Let w be (-1)/(-2)*-4 - 1274. Let g = -525 - w. Is g prime?
True
Suppose 3*x = 3863 + 1264. Is x composite?
False
Let c(o) = 6*o**2 + o + 1249. Is c(0) a prime number?
True
Let f(u) = -4*u**2 - 14*u - 3. Let p(z) = 11*z**2 + 41*z + 9. Let q(l) = 8*f(l) + 3*p(l). Is q(7) composite?
True
Let d(f) = f + 10. Let j be d(-5). Suppose -4*g - 4*l = 540, j*g - 3*l = -5*l - 687. Let y = g + 208. Is y prime?
False
Let d be (2 - 10/3)/(4/(-102)). Is (d/(-4) - -1)*522/(-27) composite?
True
Let t(j) = 3755*j - 378. Is t(16) a composite number?
True
Suppose 14 = -2*a - 5*d - 10, 0 = 4*d. Let j(s) = s + 12. Let n be j(a). Suppose -t - 2*x + 129 = n, 5*t - 3*x - 527 = t. Is t prime?
True
Is (-4759)/((-12)/(-21) - 99/63) a prime number?
True
Is (140/(-24))/(-35) + (-27442)/(-12) prime?
True
Suppose -7*x + 5*x + 16573 = i, 5*x = -2*i + 33143. Is i a prime number?
False
Suppose 0*d + d = w + 2, -d - 5*w = -8. Suppose -190 = -2*z - d*z. Suppose -4*s + 54 + z = 0. Is s a prime number?
True
Let f = -11 - -21. Suppose 0 = -f*v + 6*v + 476. Is v a composite number?
True
Suppose -2*v = -2*u - 3*v, 0 = 5*v. Suppose 13*t - 8*t - 2675 = u. Is t a composite number?
True
Suppose 0 = 27*t - 19587 - 37410. Is t composite?
False
Suppose i + 0*i = -9. Suppose 5*d = 4*n - n + 342, -2*d + 5*n + 133 = 0. Is d/(i/(-12)*2) a prime number?
False
Suppose 4*x - 12019 = -4*w + 22981, -5*x + 43723 = -4*w. Is x a composite number?
False
Let w = -261 - -2894. Is w a prime number?
True
Let t(i) = i**2 + 12*i + 1. Let c be t(-16). Suppose -d = -2*d + c. Is d prime?
False
Let c(l) = 49*l - 81. Is c(10) a prime number?
True
Let p = 60450 + -36091. Is p a prime number?
True
Let c = -1443 + 3295. Let i be (-2918)/(-1) - (-1 - 2). Let h = i - c. Is h prime?
True
Suppose 5*q = 7*q + 4. Is (-469 + 0)/(-1) - (q - 0) a composite number?
True
Let j = 282 + -65. Is j a prime number?
False
Let m(h) = 903*h - 130. Is m(11) composite?
False
Let a = 51 + 49. Suppose -4*l + 536 = -a. Is l composite?
True
Let f(i) = 2*i**3 + 70*i**2 - 47*i - 27. Is f(-32) a composite number?
False
Let p(g) = 323*g**3 + g + 1. Let i be p(-1). Let y = i + 472. Is y prime?
True
Let b = 17110 - -6513. Is b a prime number?
True
Is (-1 + -7893)*(238/28)/(-17) composite?
False
Suppose -4*j = 2*w - 15518, 4*w + 6*j = j + 31042. Is w composite?
True
Let g = 55 + -37. Is -7*1101*(-6)/g a composite number?
True
Let o(k) = -4 - 2*k**2 + 2*k - k**3 - 3 + 1 - 4. Is o(-8) a composite number?
True
Let u be (-39)/(-2) + 2/4. Let n be 6/15 + 5532/u. Suppose -3*y - 64 + n = 0. Is y prime?
True
Let c be (-4)/18 + (-460)/(-45) + -4. Let i(j) = 189*j + 29. Is i(c) a composite number?
False
Let w be ((-255)/(-30))/(1/2). Let i = 19 - w. Suppose 0 = p + g - 256, -p - i*p - 4*g + 770 = 0. Is p prime?
False
Suppose -5*w + 3*p + 37 = 0, 0 = 2*w + 2*p - 3*p - 14. Suppose w*q - 2*k = 4102, -k = q - 6*k - 825. Suppose -917 = -3*c + q. Is c a composite number?
True
Let y = 6 - 2. Is y/(-14) + (-31077)/(-63) prime?
False
Suppose 15 = 2*k - n, -3*k + 27 = -3*n - 0*n. Is (k/8)/((-12)/(-5424)) a prime number?
False
Let z(y) = 15*y**3 + y**2 - y - 3. Let v be (-4)/(-16) - (-7)/4. Is z(v) composite?
True
Suppose 2*u = -3*a - 3*u - 24, 0 = 3*a + 2*u + 24. Is 5*a/100 - 11097/(-5) prime?
False
Let p(h) = -h + 10. Let o be p(8). Suppose -7*n + 15 = -o*n. Suppose -3*r + 1746 = -n*d, 2*r + 3*r = -5*d + 2860. Is r a composite number?
False
Let w(g) = -7 + 39*g**2 - 15*g**2 + g + 27*g**2. Is w(5) a prime number?
False
Let m(d) = 663*d - 106. Is m(1) a composite number?
False
Let p(g) be the second derivative of 263*g**3/6 + g. Let a be p(8). Suppose 0 = 5*q - a + 639. Is q composite?
False
Suppose 5*c - 3*d - 590 = -61, 2*c + 3*d = 220. Let s = 0 - -12. Is c - (2 + s/(-2)) composite?
True
Suppose v - 4*k = 0, -5*k + 2 = -v + 3. Let x = 6 + v. Suppose -q = -5*c + 487 + 105, 232 = x*c - 2*q. Is c a